hat is the units digit of 56402?
2
What is the tens digit of 636?
3
What is the units digit of 311?
1
What is the ten thousands digit of 114657?
1
What is the units digit of 709?
9
What is the thousands digit of 54754?
4
What is the thousands digit of 1238?
1
What is the units digit of 4108?
8
What is the tens digit of 2715?
1
What is the hundreds digit of 12686?
6
What is the thousands digit of 3786?
3
What is the tens digit of 8685?
8
What is the units digit of 61?
1
What is the thousands digit of 5744?
5
What is the units digit of 1107?
7
What is the tens digit of 1873?
7
What is the ten thousands digit of 38995?
3
What is the tens digit of 7020?
2
What is the thousands digit of 1313?
1
What is the hundreds digit of 1664?
6
What is the tens digit of 1664?
6
What is the tens digit of 26328?
2
What is the units digit of 1558?
8
What is the units digit of 8175?
5
What is the hundreds digit of 568?
5
What is the hundreds digit of 416?
4
What is the tens digit of 178?
7
What is the hundreds digit of 2680?
6
What is the units digit of 72802?
2
What is the units digit of 55221?
1
What is the tens digit of 4218?
1
What is the ten thousands digit of 116935?
1
What is the units digit of 132?
2
What is the units digit of 1850?
0
What is the units digit of 441?
1
What is the units digit of 55?
5
What is the hundreds digit of 2378?
3
What is the hundreds digit of 7229?
2
What is the units digit of 45844?
4
What is the hundreds digit of 1877?
8
What is the thousands digit of 6247?
6
What is the units digit of 5368?
8
What is the units digit of 710?
0
What is the tens digit of 12618?
1
What is the thousands digit of 36196?
6
What is the units digit of 1972?
2
What is the hundreds digit of 412?
4
What is the hundreds digit of 4039?
0
What is the units digit of 21809?
9
What is the tens digit of 20289?
8
What is the ten thousands digit of 37173?
3
What is the units digit of 184119?
9
What is the ten thousands digit of 54317?
5
What is the units digit of 735?
5
What is the units digit of 449?
9
What is the tens digit of 9105?
0
What is the units digit of 1640?
0
What is the units digit of 350?
0
What is the ten thousands digit of 73886?
7
What is the units digit of 2629?
9
What is the units digit of 619?
9
What is the units digit of 1621?
1
What is the hundred thousands digit of 164411?
1
What is the hundreds digit of 3387?
3
What is the tens digit of 3398?
9
What is the hundreds digit of 21351?
3
What is the units digit of 4221?
1
What is the thousands digit of 1205?
1
What is the units digit of 4376?
6
What is the tens digit of 3752?
5
What is the thousands digit of 5517?
5
What is the tens digit of 28514?
1
What is the thousands digit of 19104?
9
What is the ten thousands digit of 113188?
1
What is the hundreds digit of 1432?
4
What is the hundreds digit of 11748?
7
What is the thousands digit of 57239?
7
What is the tens digit of 6376?
7
What is the thousands digit of 37822?
7
What is the thousands digit of 1080?
1
What is the thousands digit of 7212?
7
What is the units digit of 936?
6
What is the tens digit of 7176?
7
What is the tens digit of 64305?
0
What is the tens digit of 6176?
7
What is the hundreds digit of 1104?
1
What is the units digit of 3726?
6
What is the thousands digit of 35884?
5
What is the tens digit of 14769?
6
What is the units digit of 3878?
8
What is the units digit of 88630?
0
What is the tens digit of 56508?
0
What is the hundreds digit of 26645?
6
What is the tens digit of 20863?
6
What is the tens digit of 4228?
2
What is the units digit of 2748?
8
What is the tens digit of 9661?
6
What is the units digit of 1624?
4
What is the thousands digit of 1503?
1
What is the thousands digit of 58760?
8
What is the hundreds digit of 501?
5
What is the units digit of 2181?
1
What is the ten thousands digit of 17016?
1
What is the hundreds digit of 7526?
5
What is the hundreds digit of 25047?
0
What is the units digit of 11341?
1
What is the hundreds digit of 9030?
0
What is the ten thousands digit of 57389?
5
What is the units digit of 2824?
4
What is the hundreds digit of 339?
3
What is the thousands digit of 2979?
2
What is the thousands digit of 7691?
7
What is the tens digit of 120209?
0
What is the units digit of 753?
3
What is the thousands digit of 82712?
2
What is the ten thousands digit of 31733?
3
What is the hundreds digit of 19042?
0
What is the units digit of 1034?
4
What is the hundreds digit of 280?
2
What is the units digit of 261?
1
What is the thousands digit of 1314?
1
What is the thousands digit of 54146?
4
What is the tens digit of 13549?
4
What is the ten thousands digit of 12994?
1
What is the thousands digit of 1323?
1
What is the thousands digit of 14608?
4
What is the units digit of 18141?
1
What is the units digit of 109?
9
What is the units digit of 696?
6
What is the thousands digit of 2407?
2
What is the hundred thousands digit of 100854?
1
What is the units digit of 78341?
1
What is the units digit of 753?
3
What is the thousands digit of 22441?
2
What is the tens digit of 57564?
6
What is the tens digit of 50340?
4
What is the hundreds digit of 776?
7
What is the tens digit of 1303?
0
What is the tens digit of 924?
2
What is the thousands digit of 3997?
3
What is the units digit of 466?
6
What is the tens digit of 219?
1
What is the thousands digit of 34738?
4
What is the units digit of 33173?
3
What is the tens digit of 1320?
2
What is the units digit of 6410?
0
What is the hundreds digit of 13819?
8
What is the hundreds digit of 753?
7
What is the thousands digit of 93347?
3
What is the thousands digit of 1115?
1
What is the hundreds digit of 3937?
9
What is the tens digit of 84?
8
What is the units digit of 1808?
8
What is the thousands digit of 1428?
1
What is the hundreds digit of 884?
8
What is the tens digit of 9962?
6
What is the units digit of 45040?
0
What is the units digit of 220?
0
What is the units digit of 18573?
3
What is the units digit of 71091?
1
What is the hundreds digit of 1400?
4
What is the hundreds digit of 1104?
1
What is the hundreds digit of 4560?
5
What is the tens digit of 580?
8
What is the thousands digit of 74693?
4
What is the hundreds digit of 23307?
3
What is the units digit of 162?
2
What is the hundreds digit of 6424?
4
What is the thousands digit of 1856?
1
What is the thousands digit of 2235?
2
What is the hundreds digit of 4674?
6
What is the units digit of 14587?
7
What is the units digit of 91391?
1
What is the tens digit of 1166?
6
What is the tens digit of 3026?
2
What is the thousands digit of 21033?
1
What is the ten thousands digit of 13617?
1
What is the hundreds digit of 13257?
2
What is the ten thousands digit of 154597?
5
What is the units digit of 5140?
0
What is the hundreds digit of 11616?
6
What is the thousands digit of 4838?
4
What is the hundreds digit of 1440?
4
What is the thousands digit of 9197?
9
What is the tens digit of 3784?
8
What is the units digit of 242?
2
What is the hundreds digit of 7138?
1
What is the thousands digit of 17142?
7
What is the units digit of 2706?
6
What is the tens digit of 39468?
6
What is the units digit of 3389?
9
What is the hundreds digit of 731?
7
What is the thousands digit of 27034?
7
What is the thousands digit of 2644?
2
What is the units digit of 22334?
4
What is the tens digit of 5771?
7
What is the tens digit of 37115?
1
What is the tens digit of 1512?
1
What is the tens digit of 963?
6
What is the tens digit of 40030?
3
What is the units digit of 953?
3
What is the tens digit of 16999?
9
What is the hundreds digit of 994?
9
What is the tens digit of 30679?
7
What is the hundreds digit of 1264?
2
What is the units digit of 7797?
7
What is the tens digit of 698?
9
What is the thousands digit of 4215?
4
What is the tens digit of 5098?
9
What is the hundreds digit of 1732?
7
What is the tens digit of 748?
4
What is the thousands digit of 20042?
0
What is the tens digit of 764?
6
What is the tens digit of 6471?
7
What is the tens digit of 1282?
8
What is the hundreds digit of 84924?
9
What is the tens digit of 6887?
8
What is the units digit of 10508?
8
What is the units digit of 90561?
1
What is the thousands digit of 20935?
0
What is the thousands digit of 1716?
1
What is the hundreds digit of 3065?
0